ousands digit of 496124?
6
What is the thousands digit of 146882?
6
What is the tens digit of 83905?
0
What is the ten thousands digit of 5841078?
4
What is the ten thousands digit of 539963?
3
What is the hundreds digit of 727519?
5
What is the ten thousands digit of 709389?
0
What is the ten thousands digit of 174870?
7
What is the hundreds digit of 864622?
6
What is the units digit of 152622?
2
What is the tens digit of 1269725?
2
What is the units digit of 5306698?
8
What is the units digit of 2731826?
6
What is the tens digit of 1614433?
3
What is the thousands digit of 1383473?
3
What is the millions digit of 1806899?
1
What is the hundred thousands digit of 14215724?
2
What is the tens digit of 895305?
0
What is the hundreds digit of 621121?
1
What is the units digit of 36806702?
2
What is the thousands digit of 1439506?
9
What is the millions digit of 1754735?
1
What is the hundred thousands digit of 4994229?
9
What is the hundreds digit of 1358359?
3
What is the millions digit of 4676751?
4
What is the millions digit of 1718232?
1
What is the hundred thousands digit of 1914132?
9
What is the tens digit of 1255685?
8
What is the tens digit of 431095?
9
What is the units digit of 1569528?
8
What is the hundred thousands digit of 501663?
5
What is the hundreds digit of 518210?
2
What is the hundred thousands digit of 5174082?
1
What is the thousands digit of 55492?
5
What is the tens digit of 30095868?
6
What is the tens digit of 11436746?
4
What is the hundred thousands digit of 448776?
4
What is the thousands digit of 3196688?
6
What is the hundred thousands digit of 976057?
9
What is the millions digit of 39174988?
9
What is the hundred thousands digit of 2571314?
5
What is the hundreds digit of 17819?
8
What is the tens digit of 1196981?
8
What is the millions digit of 1872219?
1
What is the thousands digit of 1639582?
9
What is the tens digit of 3105911?
1
What is the millions digit of 1461802?
1
What is the hundred thousands digit of 10355851?
3
What is the ten thousands digit of 20848478?
4
What is the millions digit of 4678054?
4
What is the units digit of 612225?
5
What is the thousands digit of 9700655?
0
What is the hundreds digit of 2925583?
5
What is the tens digit of 402164?
6
What is the hundreds digit of 474224?
2
What is the hundred thousands digit of 2514570?
5
What is the hundred thousands digit of 3310111?
3
What is the units digit of 1234619?
9
What is the hundred thousands digit of 480969?
4
What is the thousands digit of 2846003?
6
What is the hundred thousands digit of 848728?
8
What is the thousands digit of 363468?
3
What is the units digit of 18957886?
6
What is the thousands digit of 428771?
8
What is the millions digit of 5991553?
5
What is the millions digit of 12508074?
2
What is the hundreds digit of 341083?
0
What is the thousands digit of 4662445?
2
What is the hundred thousands digit of 1455226?
4
What is the units digit of 4106613?
3
What is the ten thousands digit of 696426?
9
What is the hundreds digit of 443213?
2
What is the tens digit of 2781850?
5
What is the hundreds digit of 324178?
1
What is the hundreds digit of 529493?
4
What is the hundred thousands digit of 145504?
1
What is the millions digit of 2521786?
2
What is the units digit of 2824401?
1
What is the units digit of 2196906?
6
What is the hundred thousands digit of 223148?
2
What is the units digit of 1305513?
3
What is the units digit of 13561216?
6
What is the millions digit of 1319656?
1
What is the tens digit of 244436?
3
What is the hundreds digit of 4296217?
2
What is the millions digit of 9560634?
9
What is the hundred thousands digit of 2888978?
8
What is the tens digit of 193052?
5
What is the tens digit of 745834?
3
What is the millions digit of 5429083?
5
What is the thousands digit of 2708796?
8
What is the hundreds digit of 5200628?
6
What is the hundreds digit of 244212?
2
What is the units digit of 3787116?
6
What is the thousands digit of 533700?
3
What is the hundred thousands digit of 14637652?
6
What is the units digit of 162948?
8
What is the hundreds digit of 8538885?
8
What is the ten thousands digit of 11461409?
6
What is the units digit of 105402?
2
What is the thousands digit of 1029972?
9
What is the ten thousands digit of 1664960?
6
What is the ten millions digit of 15949065?
1
What is the thousands digit of 164098?
4
What is the hundreds digit of 2346400?
4
What is the units digit of 8324160?
0
What is the tens digit of 142406?
0
What is the ten thousands digit of 17435224?
3
What is the hundreds digit of 2369890?
8
What is the hundred thousands digit of 837164?
8
What is the units digit of 1186660?
0
What is the tens digit of 728607?
0
What is the thousands digit of 3684474?
4
What is the hundreds digit of 701577?
5
What is the hundred thousands digit of 1705542?
7
What is the millions digit of 22905973?
2
What is the hundred thousands digit of 362887?
3
What is the units digit of 813118?
8
What is the hundreds digit of 8747069?
0
What is the units digit of 1567022?
2
What is the hundred thousands digit of 432345?
4
What is the thousands digit of 415389?
5
What is the units digit of 132331?
1
What is the ten thousands digit of 25327699?
2
What is the tens digit of 26607?
0
What is the hundred thousands digit of 1052423?
0
What is the millions digit of 2611862?
2
What is the hundred thousands digit of 16709014?
7
What is the units digit of 7335934?
4
What is the units digit of 16608746?
6
What is the hundreds digit of 13694679?
6
What is the ten thousands digit of 119024?
1
What is the hundreds digit of 131483?
4
What is the tens digit of 939959?
5
What is the millions digit of 2730606?
2
What is the hundred thousands digit of 329498?
3
What is the hundreds digit of 2390604?
6
What is the millions digit of 1091329?
1
What is the hundreds digit of 1321305?
3
What is the millions digit of 4975542?
4
What is the hundreds digit of 21866020?
0
What is the hundreds digit of 395309?
3
What is the tens digit of 133687?
8
What is the ten millions digit of 17338506?
1
What is the thousands digit of 6087493?
7
What is the hundred thousands digit of 285542?
2
What is the units digit of 139529?
9
What is the tens digit of 26582?
8
What is the millions digit of 35467217?
5
What is the tens digit of 1134178?
7
What is the hundred thousands digit of 12801794?
8
What is the tens digit of 835844?
4
What is the ten thousands digit of 6085578?
8
What is the thousands digit of 210775?
0
What is the thousands digit of 15697965?
7
What is the hundreds digit of 28115?
1
What is the hundred thousands digit of 264821?
2
What is the ten thousands digit of 39429?
3
What is the hundreds digit of 2831024?
0
What is the units digit of 28220?
0
What is the hundreds digit of 713692?
6
What is the tens digit of 493158?
5
What is the tens digit of 29721968?
6
What is the hundreds digit of 533561?
5
What is the tens digit of 14482407?
0
What is the units digit of 83486?
6
What is the units digit of 679206?
6
What is the hundreds digit of 196571?
5
What is the ten thousands digit of 1110468?
1
What is the hundred thousands digit of 410944?
4
What is the units digit of 862080?
0
What is the hundreds digit of 65575?
5
What is the hundred thousands digit of 871989?
8
What is the units digit of 128794?
4
What is the units digit of 103406?
6
What is the thousands digit of 167632?
7
What is the tens digit of 4380?
8
What is the hundred thousands digit of 2145371?
1
What is the hundreds digit of 14256666?
6
What is the thousands digit of 9194303?
4
What is the tens digit of 5128638?
3
What is the tens digit of 1090263?
6
What is the hundred thousands digit of 8672226?
6
What is the ten thousands digit of 45732?
4
What is the tens digit of 91771?
7
What is the units digit of 672132?
2
What is the hundred thousands digit of 417944?
4
What is the tens digit of 585043?
4
What is the hundred thousands digit of 154765?
1
What is the hundreds digit of 14066109?
1
What is the tens digit of 3443282?
8
What is the hundred thousands digit of 3336345?
3
What is the ten thousands digit of 3217008?
1
What is the millions digit of 20482511?
0
What is the hundreds digit of 330874?
8
What is the hundred thousands digit of 3317595?
3
What is the hundred thousands